he prime factors of v?
5, 17
Let z be ((-2)/2)/(2/(-6)). Let c be 4/12 - (-8)/z. Suppose 18 = c*n - 0*n. What are the prime factors of n?
2, 3
What are the prime factors of (-19705)/(-63)*1 + (-2)/(-9)?
313
Let c(i) = -i**3 - 3*i**2 + 3. Let p = 1 - 4. What are the prime factors of c(p)?
3
Suppose 2*d = -2*d + 20. Let o be -2*110/16*-4. Suppose 0*w - d*w = -o. List the prime factors of w.
11
Let b be (-1 + 13)/((-6)/9). Let l = -4 - 4. Let y = l - b. List the prime factors of y.
2, 5
Suppose 0 = 2*q - q. Suppose q = 7*m - 2*m - 20. List the prime factors of m.
2
Suppose 4*b - 6*b = -16. Suppose -3*p - 180 = -b*p. What are the prime factors of p?
2, 3
Suppose -2*n + 0*q + q - 787 = 0, 2 = -2*q. List the prime factors of (-15)/(-25) - n/10.
2, 5
Suppose 3*c = -c + 40. What are the prime factors of (-16)/40 - (-274)/c?
3
Suppose -m = -2*y + 15, 2*y - 4*m - 11 = m. Suppose 2*b + 6 = b. List the prime factors of (2 + b/8)*y.
2, 5
Let k = -7 + 12. What are the prime factors of k?
5
Let t = 17 - -7. List the prime factors of 1/4 - (-282)/t.
2, 3
Let y be (2 - 3)*2*-2. Suppose 0 = -b + y*l + l + 13, -3*l = 6. What are the prime factors of b?
3
Suppose -5*b = -405 - 20. Suppose 4*t - b = -t. What are the prime factors of t?
17
Let w be (-96)/(-20)*160/3. Let f be (-18)/27 - w/(-6). Suppose -3*n = -6, 2*g + 0*n - n = f. List the prime factors of g.
2, 11
Suppose 3*v - 27 - 63 = 0. Let y = 45 - v. List the prime factors of y.
3, 5
Suppose -4*y + 4 = -2*y. Let f(a) be the third derivative of a**5/15 - a**4/6 + a**3/2 + 6*a**2. What are the prime factors of f(y)?
11
Let a(m) = -3*m**3 + 5*m - 8. What are the prime factors of a(-4)?
2, 41
Let m(z) be the first derivative of z**4/4 - 8*z**3/3 + 4*z**2 + 6*z - 2. Let t be m(6). What are the prime factors of 2/12 + (-33)/t?
2
Suppose 4*s = -s + 95. Let r = 32 - s. List the prime factors of r.
13
Let c(k) = -3*k + 156. List the prime factors of c(0).
2, 3, 13
Let o(p) = 10*p - 65. What are the prime factors of o(23)?
3, 5, 11
Let r(x) = x**3 - 5*x**2 - 6*x - 1. Let s be r(6). List the prime factors of (1 - -2)/s - -26.
23
Let l(r) = r**3 + 10*r**2 + r + 1. What are the prime factors of l(-3)?
61
Let l be (-26)/(-3) + (-8)/12. Let k = l - 6. Suppose -k*a + 8 = 2*a. What are the prime factors of a?
2
Let o be 5 + -1 + -2 + 2. Suppose 3*b = 4*b - 2*h + 15, 0 = -o*h + 12. List the prime factors of b/(-2) - (-1)/(-2).
2
Let k be (2 - -4) + (-1 - -2). Let n(o) = -o**2 + 7*o + 3. Let w be n(k). Let z = 4 + w. List the prime factors of z.
7
Suppose -n - 7 = 13. Let z(q) = -q**2 - 4*q + 3. Let u be z(2). Let v = u - n. What are the prime factors of v?
11
Suppose n - x = -2*n + 17, -4 = -x. List the prime factors of n.
7
Let a = 23 - 6. Let u = 12 - a. Let h = 13 + u. List the prime factors of h.
2
Suppose -4*s + 30 = 4*x - 14, 3*x - 33 = s. What are the prime factors of x?
11
Suppose 0 = n + v - 4*v - 71, 2*n + v = 142. What are the prime factors of n?
71
Let a(f) = 68*f - 17. List the prime factors of a(3).
11, 17
Let j(n) be the first derivative of -n**3/3 + 11*n**2/2 - 5*n - 3. What are the prime factors of j(9)?
13
Suppose 0 = -0*b + 3*b + 36. Let n be 6/2 + 14 + 1. Let i = b + n. List the prime factors of i.
2, 3
Let t(z) = 31*z**2 - 5*z. Let c be t(2). Suppose 3*m + 0*m - c = 0. What are the prime factors of m?
2, 19
Suppose -4*w + 5 = -2*c - 7, -4*w + 5*c = 0. Suppose w*d + 27 - 284 = -y, -2*y + 254 = 5*d. List the prime factors of d.
2, 13
Suppose -4*s - 24 = -168. Suppose -s = 3*n - 6*n + 4*k, 4*n + 3*k = 48. List the prime factors of n.
2, 3
What are the prime factors of (-8 - -6) + (1 - -58)?
3, 19
Suppose 0 = 3*a - 5*r + 25 - 107, -4*a - 2*r + 92 = 0. Let p = a - 12. What are the prime factors of p?
2, 3
Let l = -30 + 16. What are the prime factors of l/56 + (-114)/(-8)?
2, 7
Let s = 19 + 17. Suppose 16 = -2*h + 3*h + q, -3*h + 3*q = -s. What are the prime factors of h?
2, 7
Let h(k) be the second derivative of -k**4/12 + k**3/6 + 37*k**2/2 + 6*k. What are the prime factors of h(0)?
37
Suppose 150 = z - 102. List the prime factors of z.
2, 3, 7
Let z = 9 + -7. Suppose 3*r - 61 = -r - x, -62 = -4*r - z*x. What are the prime factors of r?
3, 5
Let a(f) = f - 22. Let z be a(12). Let j = -6 - z. What are the prime factors of j?
2
Let n(b) = 4*b + 20. List the prime factors of n(22).
2, 3
Let u(k) be the third derivative of k**5/30 + k**4/24 - 2*k**3/3 - 11*k**2. List the prime factors of u(3).
17
Let l = -92 - -228. List the prime factors of l.
2, 17
Let h(k) = -10 - 2*k + k + 8 + 7*k. List the prime factors of h(2).
2, 5
Suppose 4*m - 17 - 19 = 0. Let l(u) = 2*u**3 + u**2 + 2. Let f be l(2). Suppose y = f - m. List the prime factors of y.
13
Let t(r) = -3*r - 14. List the prime factors of t(-8).
2, 5
Let g = 2 - -2. What are the prime factors of 6/12 - (-14)/g?
2
Suppose -3*y - 94 = -721. What are the prime factors of y?
11, 19
Suppose 2 = 2*n - 2. Suppose 4*x + 0*x + z - 13 = 0, x - 2*z - 10 = 0. Suppose -x*j + 4*m = -4, -n*j = -2*m + 7*m - 37. What are the prime factors of j?
2, 3
Let b(u) = u**2 + 6*u + 3. Let p(w) = w**3 + w + 3. Let n be p(0). Suppose -n*i + 28 = -7*i. List the prime factors of b(i).
2, 5
Let a be (6/10)/(4/20). Suppose -5*b + 4*i = 5, b = -2*b - i + 14. Suppose -5*t + 24 = -b*v, a*t - 22 = t - 5*v. List the prime factors of t.
2, 3
Let c = 10 + -3. Suppose -r - 4*t + c = -15, 3*t - 12 = 0. Let y = r - -1. What are the prime factors of y?
7
Suppose 9*l - 330 = 4*l. What are the prime factors of l?
2, 3, 11
Let h = -35 + 66. Let o = -21 + h. What are the prime factors of o?
2, 5
Suppose -5*o = -c + 24 - 10, 2*c = -4*o. Let v(d) = -2*d + 2. Let n be v(10). What are the prime factors of (o + -8)*n/15?
2, 3
Suppose -3*c + 2 = -4. Suppose r - c*t + 5 = -0, 0 = -5*r - t + 8. What are the prime factors of (1 - -1)/(r + 0)?
2
Let o = -59 + 84. Let s = o + -13. List the prime factors of s.
2, 3
Let x = 29 - 18. List the prime factors of x.
11
What are the prime factors of (724/6)/((-2)/(-3))?
181
Let h(f) = -2*f + 8. What are the prime factors of h(-8)?
2, 3
Suppose 3*r + 576 = 3*k, -12*k - r + 954 = -7*k. List the prime factors of k.
191
Suppose 0 = -5*g + 31 - 6. Suppose 2 = -2*a, w - g*a - 13 = -0*w. What are the prime factors of w?
2
Let l(m) = 19*m - 7. List the prime factors of l(4).
3, 23
Let h = -8 + 11. Let w be (-51)/(-7) + (-6)/21. Suppose -w*l = -3*l - h*c - 68, -3*c = l - 17. List the prime factors of l.
17
Suppose 0 = 5*h + 74 - 224. What are the prime factors of h?
2, 3, 5
Suppose -4*i - 19 = 3*s - 8*i, -s - 10 = -5*i. Let o = s - -10. What are the prime factors of o*3/(-5)*-2?
2, 3
Suppose 2*o = -o - 24. Let l = o + 20. List the prime factors of l.
2, 3
Suppose -10*p + 2*p = -920. List the prime factors of p.
5, 23
Let f be (-1)/2 - (-14)/4. Let k be 0 - -1 - 15/(-5). Suppose 0 = k*z + 4*b - 16, 0 = f*z - 4*b - 12 - 0. List the prime factors of z.
2
Let i(q) = -26*q + 9. Let c(k) = -17*k + 6. Let l(u) = -8*c(u) + 5*i(u). What are the prime factors of l(3)?
3, 5
Suppose 0 = -4*t - 5*g + 55, g + 105 = 5*t - 0*g. Suppose 4*z - t = 4. Suppose -9 = -b + q, 3*b = z*b - q - 19. List the prime factors of b.
5
Let s = -21 + 37. Let g = -5 + s. What are the prime factors of g?
11
Suppose -c + 2*p = -5, -12 + 0 = -3*c + 3*p. Suppose 5*o = c*o - 8. What are the prime factors of ((-2)/o)/((-1)/(-26))?
13
List the prime factors of (-467)/(-5) - ((-16)/(-20))/2.
3, 31
Let r = 26 + -36. Let k = -6 - r. List the prime factors of k.
2
Let p = 10 + -5. Suppose -3*v - v + 2*t - 64 = 0, -p*t - 80 = 5*v. Let q = 27 + v. What are the prime factors of q?
11
Suppose j - 6*j + 120 = 0. Let o be (j/(-18))/((-4)/18). What are the prime factors of (-82)/(-6) - (-2)/o?
2, 7
Let r(g) = g**2 - 5*g - 6. Let w(t) = 2*t**2 - t. Let h be w(2). Let f be r(h). Suppose f = -3*x + 15. List the prime factors of x.
5
Suppose 0*p + 5*p + 15 = 0. Let l(c) = c**3 + 5*c**2 + 3*c + 2. What are the prime factors of l(p)?
11
Suppose -36 = -0*r - 4*r. Let t = r + -18. Let q = t + 21. What are the prime factors of q?
2, 3
Let i(s) = -s**3 + s + 1. Let a(p) = -p**3 - 3*p**2 + 6*p + 8. Let k(h) = a(h) - 6*i(h). List the prime factors of k(2).
2, 3, 5
Suppose -5*h = -249 - 241. What are the prime factors of h?
2, 7
What are the pr